[INFO] cloning repository https://github.com/Binyamin-Brion/render_engine
[INFO] running `Command { std: "git" "-c" "credential.helper=" "-c" "credential.helper=/workspace/cargo-home/bin/git-credential-null" "clone" "--bare" "https://github.com/Binyamin-Brion/render_engine" "/workspace/cache/git-repos/https%3A%2F%2Fgithub.com%2FBinyamin-Brion%2Frender_engine", kill_on_drop: false }`
[INFO] [stderr] Cloning into bare repository '/workspace/cache/git-repos/https%3A%2F%2Fgithub.com%2FBinyamin-Brion%2Frender_engine'...
[INFO] running `Command { std: "git" "rev-parse" "HEAD", kill_on_drop: false }`
[INFO] [stdout] 26a933f2bbce28100e127b0a438c1901ffcf3034
[INFO] checking Binyamin-Brion/render_engine against master#e6e4f7ed1589e03bc2f6c5931c1a72e7947e8682 for beta-170-4
[INFO] running `Command { std: "git" "clone" "/workspace/cache/git-repos/https%3A%2F%2Fgithub.com%2FBinyamin-Brion%2Frender_engine" "/workspace/builds/worker-4-tc2/source", kill_on_drop: false }`
[INFO] [stderr] Cloning into '/workspace/builds/worker-4-tc2/source'...
[INFO] [stderr] done.
[INFO] validating manifest of git repo https://github.com/Binyamin-Brion/render_engine on toolchain e6e4f7ed1589e03bc2f6c5931c1a72e7947e8682
[INFO] running `Command { std: CARGO_HOME="/workspace/cargo-home" RUSTUP_HOME="/workspace/rustup-home" "/workspace/cargo-home/bin/cargo" "+e6e4f7ed1589e03bc2f6c5931c1a72e7947e8682" "metadata" "--manifest-path" "Cargo.toml" "--no-deps", kill_on_drop: false }`
[INFO] started tweaking git repo https://github.com/Binyamin-Brion/render_engine
[INFO] finished tweaking git repo https://github.com/Binyamin-Brion/render_engine
[INFO] tweaked toml for git repo https://github.com/Binyamin-Brion/render_engine written to /workspace/builds/worker-4-tc2/source/Cargo.toml
[INFO] crate git repo https://github.com/Binyamin-Brion/render_engine already has a lockfile, it will not be regenerated
[INFO] running `Command { std: CARGO_HOME="/workspace/cargo-home" RUSTUP_HOME="/workspace/rustup-home" "/workspace/cargo-home/bin/cargo" "+e6e4f7ed1589e03bc2f6c5931c1a72e7947e8682" "fetch" "--manifest-path" "Cargo.toml", kill_on_drop: false }`
[INFO] running `Command { std: "docker" "create" "-v" "/var/lib/crater-agent-workspace/builds/worker-4-tc2/target:/opt/rustwide/target:rw,Z" "-v" "/var/lib/crater-agent-workspace/builds/worker-4-tc2/source:/opt/rustwide/workdir:ro,Z" "-v" "/var/lib/crater-agent-workspace/cargo-home:/opt/rustwide/cargo-home:ro,Z" "-v" "/var/lib/crater-agent-workspace/rustup-home:/opt/rustwide/rustup-home:ro,Z" "-e" "SOURCE_DIR=/opt/rustwide/workdir" "-e" "CARGO_TARGET_DIR=/opt/rustwide/target" "-e" "CARGO_HOME=/opt/rustwide/cargo-home" "-e" "RUSTUP_HOME=/opt/rustwide/rustup-home" "-w" "/opt/rustwide/workdir" "-m" "1610612736" "--user" "0:0" "--network" "none" "ghcr.io/rust-lang/crates-build-env/linux@sha256:19e73879b68f455e41552ea35293514db52ea292d993f571636dbffedb77a1ee" "/opt/rustwide/cargo-home/bin/cargo" "+e6e4f7ed1589e03bc2f6c5931c1a72e7947e8682" "metadata" "--no-deps" "--format-version=1", kill_on_drop: false }`
[INFO] [stdout] 1b8c2a5312d1d349b8ea42c035f07ddc11403d0246a207fd0c7940b344b34e0a
[INFO] running `Command { std: "docker" "start" "-a" "1b8c2a5312d1d349b8ea42c035f07ddc11403d0246a207fd0c7940b344b34e0a", kill_on_drop: false }`
[INFO] running `Command { std: "docker" "inspect" "1b8c2a5312d1d349b8ea42c035f07ddc11403d0246a207fd0c7940b344b34e0a", kill_on_drop: false }`
[INFO] running `Command { std: "docker" "rm" "-f" "1b8c2a5312d1d349b8ea42c035f07ddc11403d0246a207fd0c7940b344b34e0a", kill_on_drop: false }`
[INFO] [stdout] 1b8c2a5312d1d349b8ea42c035f07ddc11403d0246a207fd0c7940b344b34e0a
[INFO] running `Command { std: "docker" "create" "-v" "/var/lib/crater-agent-workspace/builds/worker-4-tc2/target:/opt/rustwide/target:rw,Z" "-v" "/var/lib/crater-agent-workspace/builds/worker-4-tc2/source:/opt/rustwide/workdir:ro,Z" "-v" "/var/lib/crater-agent-workspace/cargo-home:/opt/rustwide/cargo-home:ro,Z" "-v" "/var/lib/crater-agent-workspace/rustup-home:/opt/rustwide/rustup-home:ro,Z" "-e" "SOURCE_DIR=/opt/rustwide/workdir" "-e" "CARGO_TARGET_DIR=/opt/rustwide/target" "-e" "CARGO_INCREMENTAL=0" "-e" "RUST_BACKTRACE=full" "-e" "RUSTFLAGS=--cap-lints=forbid" "-e" "RUSTDOCFLAGS=--cap-lints=forbid" "-e" "CARGO_HOME=/opt/rustwide/cargo-home" "-e" "RUSTUP_HOME=/opt/rustwide/rustup-home" "-w" "/opt/rustwide/workdir" "-m" "1610612736" "--user" "0:0" "--network" "none" "ghcr.io/rust-lang/crates-build-env/linux@sha256:19e73879b68f455e41552ea35293514db52ea292d993f571636dbffedb77a1ee" "/opt/rustwide/cargo-home/bin/cargo" "+e6e4f7ed1589e03bc2f6c5931c1a72e7947e8682" "check" "--frozen" "--all" "--all-targets" "--message-format=json", kill_on_drop: false }`
[INFO] [stdout] 2d749c24c913c8483f1047c73745057a9b64991d470304ca0ea1b8c3d272d236
[INFO] running `Command { std: "docker" "start" "-a" "2d749c24c913c8483f1047c73745057a9b64991d470304ca0ea1b8c3d272d236", kill_on_drop: false }`
[INFO] [stderr]    Compiling libc v0.2.131
[INFO] [stderr]    Compiling proc-macro2 v1.0.43
[INFO] [stderr]    Compiling quote v1.0.21
[INFO] [stderr]    Compiling unicode-ident v1.0.3
[INFO] [stderr]    Compiling num-traits v0.2.15
[INFO] [stderr]    Compiling syn v1.0.99
[INFO] [stderr]    Compiling serde_derive v1.0.143
[INFO] [stderr]    Compiling serde v1.0.143
[INFO] [stderr]     Checking once_cell v1.13.0
[INFO] [stderr]    Compiling crossbeam-utils v0.8.11
[INFO] [stderr]    Compiling num-integer v0.1.45
[INFO] [stderr]    Compiling crossbeam-epoch v0.9.10
[INFO] [stderr]    Compiling log v0.4.17
[INFO] [stderr]    Compiling generic-array v0.14.6
[INFO] [stderr]    Compiling num-rational v0.3.2
[INFO] [stderr]    Compiling xml-rs v0.8.4
[INFO] [stderr]    Compiling rayon-core v1.9.3
[INFO] [stderr]    Compiling lock_api v0.4.7
[INFO] [stderr]     Checking rawpointer v0.2.1
[INFO] [stderr]    Compiling paste v1.0.8
[INFO] [stderr]    Compiling parking_lot_core v0.8.5
[INFO] [stderr]     Checking matrixmultiply v0.3.2
[INFO] [stderr]    Compiling stb_image v0.2.4
[INFO] [stderr]     Checking instant v0.1.12
[INFO] [stderr]    Compiling rayon v1.5.3
[INFO] [stderr]     Checking smallvec v1.9.0
[INFO] [stderr]     Checking semver-parser v0.7.0
[INFO] [stderr]     Checking ppv-lite86 v0.2.16
[INFO] [stderr]    Compiling gl_generator v0.14.0
[INFO] [stderr]    Compiling render_engine v0.1.0 (/opt/rustwide/workdir)
[INFO] [stderr]     Checking semver v0.9.0
[INFO] [stderr]     Checking either v1.7.0
[INFO] [stderr]     Checking tobj v2.0.4
[INFO] [stderr]     Checking crossbeam-channel v0.5.6
[INFO] [stderr]     Checking crossbeam-deque v0.8.2
[INFO] [stderr]     Checking getrandom v0.2.7
[INFO] [stderr]     Checking num_cpus v1.13.1
[INFO] [stderr]     Checking raw-window-handle v0.3.4
[INFO] [stderr]     Checking glfw v0.41.0
[INFO] [stderr]     Checking rand_core v0.6.3
[INFO] [stderr]     Checking ahash v0.7.6
[INFO] [stderr]    Compiling gl v0.14.0
[INFO] [stderr]     Checking threadpool v1.8.1
[INFO] [stderr]     Checking parking_lot v0.11.2
[INFO] [stderr]     Checking rand_chacha v0.3.1
[INFO] [stderr]     Checking approx v0.4.0
[INFO] [stderr]     Checking float-cmp v0.8.0
[INFO] [stderr]     Checking rand v0.8.5
[INFO] [stderr]     Checking num-complex v0.3.1
[INFO] [stderr]     Checking bincode v1.3.3
[INFO] [stderr]     Checking hashbrown v0.12.3
[INFO] [stderr]     Checking simba v0.4.0
[INFO] [stderr]     Checking nalgebra v0.25.4
[INFO] [stderr]     Checking nalgebra-glm v0.11.0
[INFO] [stdout] warning: unused import: `std::iter::FromIterator`
[INFO] [stdout]     --> src/world/bounding_box_tree_v2.rs:1409:9
[INFO] [stdout]      |
[INFO] [stdout] 1409 |     use std::iter::FromIterator;
[INFO] [stdout]      |         ^^^^^^^^^^^^^^^^^^^^^^^
[INFO] [stdout]      |
[INFO] [stdout]      = note: `#[warn(unused_imports)]` on by default
[INFO] [stdout] 
[INFO] [stdout] 
[INFO] [stdout] error[E0061]: this method takes 5 arguments but 3 arguments were supplied
[INFO] [stdout]     --> src/world/bounding_box_tree_v2.rs:1480:31
[INFO] [stdout]      |
[INFO] [stdout] 1480 |             bounding_box_tree.add_entity(entity, &x, false);
[INFO] [stdout]      |                               ^^^^^^^^^^------------------- two arguments of type `bool` and `std::option::Option<FindLightType>` are missing
[INFO] [stdout]      |
[INFO] [stdout] note: method defined here
[INFO] [stdout]     --> src/world/bounding_box_tree_v2.rs:563:12
[INFO] [stdout]      |
[INFO] [stdout] 563  | ...fn add_entity(&mut self, entity_id: EntityId, bounding_volume: &StaticAABB, add_if_out_bounds: bool, is_static: bool, light_type: Option<FindLightType>) -...
[INFO] [stdout]      |       ^^^^^^^^^^            -------------------  ----------------------------  -----------------------  ---------------  ---------------------------------
[INFO] [stdout] help: provide the arguments
[INFO] [stdout]      |
[INFO] [stdout] 1480 |             bounding_box_tree.add_entity(entity, &x, false, /* bool */, /* std::option::Option<FindLightType> */);
[INFO] [stdout]      |                                         ~~~~~~~~~~~~~~~~~~~~~~~~~~~~~~~~~~~~~~~~~~~~~~~~~~~~~~~~~~~~~~~~~~~~~~~~~
[INFO] [stdout] 
[INFO] [stdout] 
[INFO] [stdout] error[E0433]: failed to resolve: use of undeclared type `FnvHashSet`
[INFO] [stdout]     --> src/world/bounding_box_tree_v2.rs:2242:13
[INFO] [stdout]      |
[INFO] [stdout] 2242 |             FnvHashSet::from_iter(vec![entities[0]].into_iter()),
[INFO] [stdout]      |             ^^^^^^^^^^
[INFO] [stdout]      |             |
[INFO] [stdout]      |             use of undeclared type `FnvHashSet`
[INFO] [stdout]      |             help: a struct with a similar name exists: `HashSet`
[INFO] [stdout] 
[INFO] [stdout] 
[INFO] [stdout] error[E0433]: failed to resolve: use of undeclared type `FnvHashSet`
[INFO] [stdout]     --> src/world/bounding_box_tree_v2.rs:2243:13
[INFO] [stdout]      |
[INFO] [stdout] 2243 |             FnvHashSet::from_iter(vec![entities[1], entities[2]].into_iter()),
[INFO] [stdout]      |             ^^^^^^^^^^
[INFO] [stdout]      |             |
[INFO] [stdout]      |             use of undeclared type `FnvHashSet`
[INFO] [stdout]      |             help: a struct with a similar name exists: `HashSet`
[INFO] [stdout] 
[INFO] [stdout] 
[INFO] [stdout] error[E0433]: failed to resolve: use of undeclared type `FnvHashSet`
[INFO] [stdout]     --> src/world/bounding_box_tree_v2.rs:2244:13
[INFO] [stdout]      |
[INFO] [stdout] 2244 |             FnvHashSet::from_iter(vec![entities[3]].into_iter()),
[INFO] [stdout]      |             ^^^^^^^^^^
[INFO] [stdout]      |             |
[INFO] [stdout]      |             use of undeclared type `FnvHashSet`
[INFO] [stdout]      |             help: a struct with a similar name exists: `HashSet`
[INFO] [stdout] 
[INFO] [stdout] 
[INFO] [stdout] error[E0433]: failed to resolve: use of undeclared type `FnvHashSet`
[INFO] [stdout]     --> src/world/bounding_box_tree_v2.rs:2245:13
[INFO] [stdout]      |
[INFO] [stdout] 2245 |             FnvHashSet::from_iter(vec![entities[4]].into_iter()),
[INFO] [stdout]      |             ^^^^^^^^^^
[INFO] [stdout]      |             |
[INFO] [stdout]      |             use of undeclared type `FnvHashSet`
[INFO] [stdout]      |             help: a struct with a similar name exists: `HashSet`
[INFO] [stdout] 
[INFO] [stdout] 
[INFO] [stdout] error[E0433]: failed to resolve: use of undeclared type `FnvHashSet`
[INFO] [stdout]     --> src/world/bounding_box_tree_v2.rs:2247:13
[INFO] [stdout]      |
[INFO] [stdout] 2247 |             FnvHashSet::from_iter(vec![entities[5]].into_iter()) // Unrelated entity search result
[INFO] [stdout]      |             ^^^^^^^^^^
[INFO] [stdout]      |             |
[INFO] [stdout]      |             use of undeclared type `FnvHashSet`
[INFO] [stdout]      |             help: a struct with a similar name exists: `HashSet`
[INFO] [stdout] 
[INFO] [stdout] 
[INFO] [stdout] error[E0063]: missing field `static_entities` in initializer of `bounding_box_tree_v2::RelatedEntitySearchResult<'_>`
[INFO] [stdout]     --> src/world/bounding_box_tree_v2.rs:2251:13
[INFO] [stdout]      |
[INFO] [stdout] 2251 |             RelatedEntitySearchResult
[INFO] [stdout]      |             ^^^^^^^^^^^^^^^^^^^^^^^^^ missing `static_entities`
[INFO] [stdout] 
[INFO] [stdout] 
[INFO] [stdout] error[E0063]: missing field `static_entities` in initializer of `bounding_box_tree_v2::RelatedEntitySearchResult<'_>`
[INFO] [stdout]     --> src/world/bounding_box_tree_v2.rs:2256:13
[INFO] [stdout]      |
[INFO] [stdout] 2256 |             RelatedEntitySearchResult
[INFO] [stdout]      |             ^^^^^^^^^^^^^^^^^^^^^^^^^ missing `static_entities`
[INFO] [stdout] 
[INFO] [stdout] 
[INFO] [stdout] error[E0063]: missing field `static_entities` in initializer of `bounding_box_tree_v2::RelatedEntitySearchResult<'_>`
[INFO] [stdout]     --> src/world/bounding_box_tree_v2.rs:2261:13
[INFO] [stdout]      |
[INFO] [stdout] 2261 |             RelatedEntitySearchResult
[INFO] [stdout]      |             ^^^^^^^^^^^^^^^^^^^^^^^^^ missing `static_entities`
[INFO] [stdout] 
[INFO] [stdout] 
[INFO] [stdout] error[E0063]: missing field `static_entities` in initializer of `bounding_box_tree_v2::RelatedEntitySearchResult<'_>`
[INFO] [stdout]     --> src/world/bounding_box_tree_v2.rs:2266:13
[INFO] [stdout]      |
[INFO] [stdout] 2266 |             RelatedEntitySearchResult
[INFO] [stdout]      |             ^^^^^^^^^^^^^^^^^^^^^^^^^ missing `static_entities`
[INFO] [stdout] 
[INFO] [stdout] 
[INFO] [stdout] error[E0063]: missing field `static_entities` in initializer of `bounding_box_tree_v2::RelatedEntitySearchResult<'_>`
[INFO] [stdout]     --> src/world/bounding_box_tree_v2.rs:2271:13
[INFO] [stdout]      |
[INFO] [stdout] 2271 |             RelatedEntitySearchResult
[INFO] [stdout]      |             ^^^^^^^^^^^^^^^^^^^^^^^^^ missing `static_entities`
[INFO] [stdout] 
[INFO] [stdout] 
[INFO] [stdout] error[E0063]: missing field `static_entities` in initializer of `bounding_box_tree_v2::RelatedEntitySearchResult<'_>`
[INFO] [stdout]     --> src/world/bounding_box_tree_v2.rs:2279:13
[INFO] [stdout]      |
[INFO] [stdout] 2279 |             RelatedEntitySearchResult
[INFO] [stdout]      |             ^^^^^^^^^^^^^^^^^^^^^^^^^ missing `static_entities`
[INFO] [stdout] 
[INFO] [stdout] 
[INFO] [stdout] error[E0107]: method takes 2 generic arguments but 1 generic argument was supplied
[INFO] [stdout]     --> src/world/bounding_box_tree_v2.rs:2288:56
[INFO] [stdout]      |
[INFO] [stdout] 2288 | ...   let mut actual_related_entities = tree.find_related_entities_internal::<LogicFrustumCuller>(tree.find_all_unique_world_section_ids(...
[INFO] [stdout]      |                                              ^^^^^^^^^^^^^^^^^^^^^^^^^^^^^^   ------------------ supplied 1 generic argument
[INFO] [stdout]      |                                              |
[INFO] [stdout]      |                                              expected 2 generic arguments
[INFO] [stdout]      |
[INFO] [stdout] note: method defined here, with 2 generic parameters: `T`, `U`
[INFO] [stdout]     --> src/world/bounding_box_tree_v2.rs:960:8
[INFO] [stdout]      |
[INFO] [stdout] 960  |     fn find_related_entities_internal<T: TraversalDecider, U: TraversalDecider>(&self, mut affected_world_section: Vec<UniqueWorldSection...
[INFO] [stdout]      |        ^^^^^^^^^^^^^^^^^^^^^^^^^^^^^^ -                    -
[INFO] [stdout] help: add missing generic argument
[INFO] [stdout]      |
[INFO] [stdout] 2288 |                 let mut actual_related_entities = tree.find_related_entities_internal::<LogicFrustumCuller, U>(tree.find_all_unique_world_section_ids(&aabb), None);
[INFO] [stdout]      |                                                                                                           +++
[INFO] [stdout] 
[INFO] [stdout] 
[INFO] [stdout] error[E0061]: this method takes 3 arguments but 2 arguments were supplied
[INFO] [stdout]     --> src/world/bounding_box_tree_v2.rs:2288:56
[INFO] [stdout]      |
[INFO] [stdout] 2288 | ...ies = tree.find_related_entities_internal::<LogicFrustumCuller>(tree.find_all_unique_world_section_ids(&aabb), None);
[INFO] [stdout]      |               ^^^^^^^^^^^^^^^^^^^^^^^^^^^^^^^^^^^^^^^^^^^^^^^^^^^^----------------------------------------------------- an argument of type `std::option::Option<&_>` is missing
[INFO] [stdout]      |
[INFO] [stdout] note: method defined here
[INFO] [stdout]     --> src/world/bounding_box_tree_v2.rs:960:8
[INFO] [stdout]      |
[INFO] [stdout] 960  | ...fn find_related_entities_internal<T: TraversalDecider, U: TraversalDecider>(&self, mut affected_world_section: Vec<UniqueWorldSectionId>, logic_culler: Option<&T>, render_culler: Option<&U>) -...
[INFO] [stdout]      |       ^^^^^^^^^^^^^^^^^^^^^^^^^^^^^^                                                  -----------------------------------------------------  ------------------------  -------------------------
[INFO] [stdout] help: provide the argument
[INFO] [stdout]      |
[INFO] [stdout] 2288 |                 let mut actual_related_entities = tree.find_related_entities_internal::<LogicFrustumCuller>(tree.find_all_unique_world_section_ids(&aabb), None, /* render_culler */);
[INFO] [stdout]      |                                                                                                            ~~~~~~~~~~~~~~~~~~~~~~~~~~~~~~~~~~~~~~~~~~~~~~~~~~~~~~~~~~~~~~~~~~~~~~~~~~
[INFO] [stdout] 
[INFO] [stdout] 
[INFO] [stdout] error: aborting due to 14 previous errors; 1 warning emitted
[INFO] [stdout] 
[INFO] [stdout] 
[INFO] [stdout] Some errors have detailed explanations: E0061, E0063, E0107, E0433.
[INFO] [stdout] 
[INFO] [stdout] For more information about an error, try `rustc --explain E0061`.
[INFO] [stdout] 
[INFO] [stderr] error: could not compile `render_engine` (lib test) due to 15 previous errors; 1 warning emitted
[INFO] [stderr] warning: build failed, waiting for other jobs to finish...
[INFO] [stdout] warning: variable does not need to be mutable
[INFO] [stdout]     --> src/world/bounding_box_tree_v2.rs:1070:25
[INFO] [stdout]      |
[INFO] [stdout] 1070 |             if let Some(mut world_section_info) = self.stored_entities_indexes.get_mut(x)
[INFO] [stdout]      |                         ----^^^^^^^^^^^^^^^^^^
[INFO] [stdout]      |                         |
[INFO] [stdout]      |                         help: remove this `mut`
[INFO] [stdout]      |
[INFO] [stdout]      = note: `#[warn(unused_mut)]` on by default
[INFO] [stdout] 
[INFO] [stdout] 
[INFO] [stdout] warning: variable does not need to be mutable
[INFO] [stdout]     --> src/world/bounding_box_tree_v2.rs:1106:25
[INFO] [stdout]      |
[INFO] [stdout] 1106 |             if let Some(mut world_section_info) = self.shared_section_indexes.get_mut(x)
[INFO] [stdout]      |                         ----^^^^^^^^^^^^^^^^^^
[INFO] [stdout]      |                         |
[INFO] [stdout]      |                         help: remove this `mut`
[INFO] [stdout] 
[INFO] [stdout] 
[INFO] [stdout] warning: variable does not need to be mutable
[INFO] [stdout]    --> src/flows/shadow_flow.rs:284:25
[INFO] [stdout]     |
[INFO] [stdout] 284 |                     let mut indexes = self.spotlights.get_mut(&entity_id).unwrap();
[INFO] [stdout]     |                         ----^^^^^^^
[INFO] [stdout]     |                         |
[INFO] [stdout]     |                         help: remove this `mut`
[INFO] [stdout] 
[INFO] [stdout] 
[INFO] [stdout] warning: 3 warnings emitted
[INFO] [stdout] 
[INFO] [stdout] 
[INFO] running `Command { std: "docker" "inspect" "2d749c24c913c8483f1047c73745057a9b64991d470304ca0ea1b8c3d272d236", kill_on_drop: false }`
[INFO] running `Command { std: "docker" "rm" "-f" "2d749c24c913c8483f1047c73745057a9b64991d470304ca0ea1b8c3d272d236", kill_on_drop: false }`
[INFO] [stdout] 2d749c24c913c8483f1047c73745057a9b64991d470304ca0ea1b8c3d272d236
